tiple of 778?
True
Is 42 a factor of 680131185?
False
Does 1237 divide 86682775?
True
Is 9867 a factor of 541648965?
True
Is 341 a factor of 3120797559?
True
Does 441 divide 1604621339?
False
Is 174238284 a multiple of 836?
True
Is 21636104 a multiple of 3?
False
Is 12 a factor of 274925216?
False
Is 37 a factor of 166359992?
True
Is 1627972668 a multiple of 1323?
True
Does 8 divide 6008232?
True
Is 113 a factor of 13908913?
False
Does 6 divide 29294734?
False
Does 67 divide 79504485?
False
Is 129058726 a multiple of 62?
False
Is 4238 a factor of 146276366?
False
Is 22379457 a multiple of 19?
False
Is 244855945 a multiple of 6057?
False
Is 2097 a factor of 182619342?
True
Does 37 divide 41637987?
True
Is 1283582 a multiple of 63?
False
Does 19 divide 44538565?
True
Is 1047 a factor of 466221771?
True
Does 23 divide 2140558503?
True
Does 9 divide 1421853166?
False
Does 115 divide 172213305?
True
Is 16 a factor of 164444224?
True
Is 12 a factor of 1884632876?
False
Is 1242 a factor of 29858561?
False
Is 454794912 a multiple of 432?
True
Does 238 divide 3369460248?
True
Is 6 a factor of 136229336?
False
Is 98019975 a multiple of 1945?
False
Is 99541792 a multiple of 368?
True
Does 2130 divide 426396009?
False
Is 15 a factor of 18542115?
True
Does 286 divide 158331961?
False
Does 114 divide 4091772481?
False
Is 63 a factor of 666603?
True
Is 34783976 a multiple of 4?
True
Is 1719 a factor of 4116463?
False
Is 294359805 a multiple of 995?
True
Does 1178 divide 554184210?
True
Is 641 a factor of 26636755?
True
Is 88 a factor of 2051984?
True
Does 2316 divide 7782288747?
False
Is 2183888 a multiple of 2294?
True
Is 33234881 a multiple of 27?
False
Does 2 divide 431888?
True
Is 39256291 a multiple of 79?
False
Is 4737 a factor of 10511403?
True
Does 121 divide 68829882?
True
Does 86 divide 2561646740?
True
Is 9138680 a multiple of 258?
False
Does 6 divide 533046?
True
Is 3446444380 a multiple of 5211?
False
Is 28 a factor of 190505200?
False
Is 573 a factor of 285632478?
True
Is 205 a factor of 38035495?
True
Is 41 a factor of 934467777?
True
Is 2621 a factor of 3546213?
True
Is 29593575 a multiple of 3?
True
Is 70179648 a multiple of 1974?
True
Is 859 a factor of 161113815?
False
Is 41 a factor of 21232462?
False
Is 143966378 a multiple of 31?
False
Is 14 a factor of 157804304?
True
Does 119 divide 43712746?
True
Is 4621572 a multiple of 9?
True
Does 24 divide 108341227?
False
Is 543 a factor of 18239832?
False
Is 9 a factor of 560027736?
True
Is 13 a factor of 1024151322?
False
Is 816 a factor of 4567152?
True
Is 44137012 a multiple of 4005?
False
Is 9 a factor of 24622758?
True
Is 2462012280 a multiple of 2457?
True
Does 405 divide 26550180?
True
Is 5991 a factor of 1183462140?
True
Is 464320800 a multiple of 359?
False
Does 13 divide 713672001?
False
Does 7 divide 2439011?
False
Does 380 divide 361760?
True
Is 478152070 a multiple of 302?
True
Is 3176 a factor of 11094031?
False
Does 16 divide 278768?
True
Is 43 a factor of 607844044?
True
Is 10 a factor of 147961460?
True
Is 1764406995 a multiple of 16?
False
Is 102 a factor of 2039443?
False
Does 3649 divide 17712246?
True
Is 20791296 a multiple of 1024?
True
Is 28 a factor of 58709028?
True
Is 42783750 a multiple of 18?
True
Does 7968 divide 539011296?
True
Is 37 a factor of 944758?
True
Is 127 a factor of 5089017?
True
Is 35 a factor of 675916325?
True
Is 259709544 a multiple of 321?
True
Does 598 divide 35023066?
True
Does 2718 divide 183534584?
False
Does 830 divide 265764019?
False
Is 331 a factor of 256610398?
True
Is 7138 a factor of 122026368?
False
Is 13 a factor of 32393554?
False
Is 50 a factor of 1089888450?
True
Does 178 divide 98837533?
False
Is 254 a factor of 220721270?
False
Is 568 a factor of 2183392?
True
Does 38 divide 147948326?
True
Does 3 divide 10846764?
True
Is 40863117 a multiple of 123?
False
Is 454649121 a multiple of 51?
False
Is 224 a factor of 2170101494?
False
Does 231 divide 1684784640?
True
Is 465640812 a multiple of 34?
True
Is 19 a factor of 215654370?
True
Is 478 a factor of 52562314?
True
Is 109 a factor of 329580638?
False
Is 59603462 a multiple of 17?
True
Is 3 a factor of 23956962?
True
Is 190 a factor of 45553113?
False
Is 142071615 a multiple of 282?
False
Is 14 a factor of 71667419?
False
Is 19 a factor of 11599551?
False
Does 561 divide 212513208?
False
Does 620 divide 69755580?
True
Is 24107664 a multiple of 24?
True
Does 978 divide 25717488?
True
Is 214 a factor of 39633423?
False
Does 26 divide 2611388?
True
Is 30347268 a multiple of 73?
True
Is 9406100 a multiple of 1100?
True
Is 21 a factor of 23704564?
False
Is 18418057 even?
False
Is 10133412 a multiple of 6?
True
Does 4217 divide 163341278?
True
Does 6 divide 17952769?
False
Does 25 divide 35824729?
False
Does 12 divide 196624676?
False
Does 22 divide 36413907?
False
Is 69 a factor of 39085457?
False
Is 604 a factor of 19078629?
False
Does 3 divide 81823649?
False
Is 29153866 a multiple of 35?
False
Is 78453546 a multiple of 101?
False
Does 1328 divide 30367376?
True
Does 261 divide 57649158?
True
Does 107 divide 60028712?
True
Does 624 divide 164432736?
True
Does 22 divide 979812225?
False
Is 27 a factor of 62629551?
True
Is 54696885 a multiple of 881?
True
Is 1241 a factor of 717009458?
False
Is 59856959 a multiple of 924?
False
Does 783 divide 1804958265?
False
Is 3178 a factor of 156840408?
False
Is 3067475459 a multiple of 2139?
False
Is 109899250 a multiple of 10?
True
Does 21 divide 71884911?
True
Does 1982 divide 2259767058?
False
Is 8822928 a multiple of 16?
True
Is 150985912 a multiple of 14?
True
Does 94 divide 34824462?
True
Does 4712 divide 1134310336?
True
Is 645524712 a multiple of 1588?
False
Does 8 divide 151876641?
False
Does 115 divide 124719507?
False
Does 7 divide 379215704?
True
Is 149477342 a multiple of 14?
True
Is 80608112 a multiple of 208?
True
Is 188 a factor of 14877192?
True
Is 15 a factor of 685629796?
False
Is 223 a factor of 3570624487?
True
Is 181953780 a multiple of 2780?
True
Does 12 divide 386639196?
True
Does 178 divide 40125749?
False
Is 215617068 a multiple of 259?
False
Is 98 a factor of 2550646?
True
Does 99 divide 399582899?
False
Is 309548002 a multiple of 70?
False
Does 22 divide 118952803?
False
Is 1463 a factor of 206332069?
False
Does 25 divide 68948218?
False
Does 11 divide 3338222492?
True
Is 48 a factor of 4404480?
True
Is 1081 a factor of 29569674?
True
Does 4114 divide 368443145?
False
Is 114 a factor of 1346487575?
False
Is 16253106 a multiple of 137?
False
Is 527 a factor of 382772357?
False
Does 104 divide 695688272?
False
Is 329985934 a multiple of 1359?
False
Is 21 a factor of 48685809?
False
Does 18 divide 452914524?
True
Is 1567675513 a multiple of 241?
False
Is 24928097 a multiple of 672?
False
Is 777 a factor of 236701395?
True
Is 2426441368 a multiple of 3016?
True
Is 104067848 a multiple of 59?
False
Is 1398 a factor of 1036702278?
True
Does 10 divide 1841113440?
True
Does 10103 divide 78969836?
False
Is 87 a factor of 3338787572?
False
Is 339 a factor of 34539693?
True
Is 38 a factor of 98950104?
False
Is 595675366 a multiple of 22?
True
Is 15 a factor of 92792?
False
Is 65644880 a multiple of 112?
True
Does 49 divide 1420793595?
False
Is 650 a factor of 312718900?
True
Is 223 a factor of 279836708?
False
Is 24014382 a multiple of 1802?
False
Is 23 a factor of 87201717?
True
Is 49253114 a multiple of 578?
True
Does 15 divide 213322626?
False
Does 10 divide 28629920?
True
Is 19 a factor of 77599819?
True
Is 1058038386 a multiple of 11955?
False
Is 3030480 a multiple of 14?
False
Is 14 a factor of 5894000517?
False
Is 718310840 a multiple of 653?
False
Does 22 divide 7282389?
False
Is 25 a factor of 49814875?
True
Does 342 divide 615419542?
False
Is 2072 a factor of 1117870936?
True
Is 23218280 a multiple of 215?
True
Is 741 a factor of 554069412?
True
Does 7 divide 437517157?
True
Is 130 a factor of 968486925?
False
Is 3302335 a multiple of 11?
False
Is 499308796 a multiple of 6276?
False
Is 9 a factor of 27130779?
True
Is 3725850220 a multiple of 323?
True
Is 138288159 a multiple of 37?
False
Does 885 divide 27231882?
False
Is 1610 a factor of 39734800?
True
Is 6249 a factor of 353231104?
False
Is 1437 a factor of 13440015?
